 + 26884 = -83348 - 6008. List the prime factors of p.
2, 1453
Let j be (((-72)/(-10))/(-3))/((-3)/75). Suppose -58*s = -j*s + 308. List the prime factors of s.
2, 7, 11
Suppose -100 + 562 = -7*b. Let h = b - -214. Suppose 3*d - 5*d = -h. List the prime factors of d.
2, 37
Let s = 648 - 1161. Let z = 834 + s. List the prime factors of z.
3, 107
Suppose -4 = -2*x + i, 24*i + 2 = -2*x + 28*i. Suppose 3*a - y = 1873, 2*a - x*y = 895 + 349. List the prime factors of a.
5
Let t be -4 + (4 - -3) + -2. Suppose f + 5*h = t, -4*f + f - h = 11. Let r = f - -24. What are the prime factors of r?
2, 5
Let k(r) = -13*r**2 + r + 561. Let i(c) = 26*c**2 - 2*c - 1123. Let z(s) = -4*i(s) - 7*k(s). What are the prime factors of z(0)?
5, 113
Suppose 2*b + b - 8 = -2*k, 0 = 5*b - 4*k - 28. Suppose 0 = 3*g - i - 628, -2*g + b*i - 400 = -4*g. Suppose 5*n - g = -38. List the prime factors of n.
2, 17
Suppose -2*n + 5*x = -13 - 8, 5*n + 2*x - 9 = 0. Let c = n - -1. Suppose -4*s + k = -2*k - 941, -4*s = c*k - 976. What are the prime factors of s?
239
Let i = 800 - 552. Let s be 132/14*2688/144. Let v = i - s. What are the prime factors of v?
2, 3
Let j(k) = -350*k + 984. What are the prime factors of j(-6)?
2, 3, 257
Let k = 470 + -449. List the prime factors of (35/k - 1) + 904/3.
2, 151
Let z(q) = 2*q**2 + 18*q + 28. Suppose -30 = -8*b + 2*b. Suppose -4*m = b*p + 52, 3*p = 5*p - 4*m + 32. What are the prime factors of z(p)?
2, 5
Let o be (-10)/4*(-7 - (-54)/10). Suppose 2*x + 4 = o*w, -2*x + 4*w - 2 = -x. List the prime factors of (-28)/16 - x/(-8) - -48.
2, 23
Let g be -3*(-4 - 10/(-3)). Suppose -4*t + 10 = 5*i, g*i - 4*t - 2 = i. Suppose -i*o + 220 = 48. List the prime factors of o.
2, 43
Let x(j) = 26*j - 4. Let i be (8/(-3))/((50/(-45))/5). Suppose -22*k - i = -26*k. List the prime factors of x(k).
2, 37
Let i = -55 - -53. Let u be (188/(-12)*3)/(i/4). Let f = 193 - u. List the prime factors of f.
3, 11
Suppose 3*g + 7*g - 12628 = 6*g. What are the prime factors of g?
7, 11, 41
Let u(x) be the third derivative of x**6/120 + 9*x**5/20 + 11*x**4/8 + 68*x**3/3 - 62*x**2 - 2*x. List the prime factors of u(-25).
3, 11, 17
List the prime factors of 59094/10 - (-15)/25.
2, 3, 5, 197
Let l(o) = 13*o + 16. Let r(p) = -7*p - 9. Let j(h) = -4*l(h) - 7*r(h). Let i be j(-11). List the prime factors of i/(-8) - 31/(-1).
3
Let o = 329 - 275. Suppose 1134 = 10*t + o. What are the prime factors of t?
2, 3
Let q(m) = -6 + 3 - 3 + 10*m. Let b be q(5). Let f = 106 - b. What are the prime factors of f?
2, 31
Suppose -2425*h - 144291 = -2446*h. What are the prime factors of h?
6871
Let j = 47 - 40. Let a(k) = 2*k. Let v be a(j). Suppose v*m - 68 = 12*m. What are the prime factors of m?
2, 17
Suppose -15 = -9*g + 6*g. Suppose t - g = 206. Suppose 4*h = -l + 49, 4*l + 3*h = -l + t. List the prime factors of l.
41
Suppose 4*w - 118883 = -3*s, w - s = 47422 - 17710. List the prime factors of w.
29717
Let a be 153/27 - 2/(-6). Let h(k) = k**3 - 5*k**2 - 6*k + 3. Let o be h(a). Suppose -f + s + 83 = 6*s, o*f - 265 = s. What are the prime factors of f?
2, 11
Let r = -34 - -60. Let g be 8/24 + r/(-6). What are the prime factors of (-15)/(-5)*67 + g?
197
Suppose -2225*k + 2240*k - 19140 = 0. List the prime factors of k.
2, 11, 29
Suppose -2*w - 244 = 4*d, -43 - 76 = w + d. Let i = w + 121. Suppose v + 77 = 5*f, 5*f + 4*v - 62 = i. What are the prime factors of f?
3, 5
Let l = 603 + 177. Suppose s = -g + 256, g + 10 = -3*s + l. What are the prime factors of s?
257
Let c(q) = -5 - 6 + 3 + 214*q + 429*q. What are the prime factors of c(1)?
5, 127
Let p(s) be the third derivative of s**5/20 - s**4/12 - 7*s**3/6 - 32*s**2. Suppose 12 = -3*h + 5*r + 1, 6 = -2*h + 4*r. What are the prime factors of p(h)?
2, 7, 11
Suppose 51*c - 53*c - 4186 = q, 0 = -4*q - c - 16758. Let o = -2228 - q. List the prime factors of o.
2, 3, 109
Let a(b) = 1 - 3*b - 3*b - 7 - b**2. Let i be a(-4). Suppose z = -i*m - 0*z + 148, -2*m + 156 = -z. What are the prime factors of m?
2, 19
Suppose -2*s - 10 = 2*p, -6*p + 3*p - 2*s - 13 = 0. Let t be 70/30 - 2/p. Suppose 5*o = t*o + 240. What are the prime factors of o?
2, 3, 5
Let s(v) = -v**2 + 23*v - 9. Let j(u) = u**3 - 3*u**2 + 3*u - 9. Let q be j(3). Suppose q*d - 3 = 3*d, 62 = 5*n - 2*d. List the prime factors of s(n).
3, 41
Suppose -3262*v + 24676 = -3258*v. List the prime factors of v.
31, 199
Suppose 52*f - 46*f - 18 = 0. Suppose -f*r + 2075 = -5*k, -4*r - 4*k + 0*k + 2756 = 0. What are the prime factors of r?
2, 3, 5, 23
Let r = 184 - 164. Suppose -1871 = -r*g + 14789. What are the prime factors of g?
7, 17
Suppose -2*r - 2*m - 30 = 0, -3*r + 33 = -5*r - 3*m. List the prime factors of 1/(r/(-2829)) + 4/16.
2, 59
Suppose 5*f = -n + 15, -2*f + 2*n = 4*n + 2. Suppose d - f*d = -12. Let m(y) = 5*y**3 - 7*y**2 + 6*y - 4. List the prime factors of m(d).
2, 3, 19
Suppose -i + 7*i = 18. List the prime factors of (-3 + 2)*(i - 3) + 89.
89
Suppose 2*m - 2*w - 2 = 0, 2 = 2*m - 2*w - 2*w. Let r(v) = -m + 6*v - 4*v + 14 + 0. What are the prime factors of r(-5)?
3
List the prime factors of (7 + (-51)/9)*(21020 - (1 + -2)).
2, 7, 11, 13
Let d(z) = -18*z - 27. Let h be d(-3). Let j(g) = 11*g - 94. What are the prime factors of j(h)?
7, 29
Suppose -231*y = -226*y - 2675. Suppose y = 3*r + 3*b - 5*b, 713 = 4*r - 3*b. List the prime factors of r.
179
Suppose -341*n + 7067643 + 3198234 - 104077 = 0. What are the prime factors of n?
2, 5, 149
Let g(d) = -d**3 + 3*d**2 + d - 7. Let m be g(2). Let c be 4/(14/6 + m). What are the prime factors of (6 - (c - 0))/1?
3
Let v = -50 + 187. Suppose 5*d - v - 303 = 0. List the prime factors of d.
2, 11
List the prime factors of 459/36*596/3.
17, 149
Let b = 13466 + -6846. What are the prime factors of b?
2, 5, 331
Suppose 28 = 5*z + 8. Let n(r) = 27*r**3 + 3*r**2 + 18. Let p(f) = -33*f**3 - 4*f**2 - f - 20. Let t(u) = -6*n(u) - 5*p(u). What are the prime factors of t(z)?
2, 59
Let z(x) = -5020*x - 3786. What are the prime factors of z(-7)?
2, 61, 257
Suppose -78*w + 83*w = 6990. Let z = w - 851. What are the prime factors of z?
547
Suppose 2*a - 44340 = -2*h, -18*a - 66503 = -21*a + 4*h. What are the prime factors of a?
7, 3167
Let f(k) = -169*k**2 + 43*k - 4. Let q be f(3). What are the prime factors of (-1 + q)/(10/(-10))?
11, 127
Let x be (-6)/4 + (-8 - (-11046)/(-12)). Let m = -306 - x. What are the prime factors of m?
2, 3, 13
Let l = -5451 - -18142. List the prime factors of l.
7, 37
Suppose 7*r + 600 = 15*r. Let z = 143 - r. Suppose 0 = 4*t + 20, -3*u + 3*t + z = -742. List the prime factors of u.
5, 53
Let w be 3/2*(-2)/(-3). Suppose 0 = r + p + 12, -7 + w = 3*r - 3*p. Let s = r + 10. List the prime factors of s.
3
Let t = 32155 + -17519. What are the prime factors of t?
2, 3659
Let g(l) = 6*l + 61. Let o be g(0). Suppose 0 = -4*s - 3*c - 0*c + 95, 2*s - 3*c = o. Let j = s - -62. List the prime factors of j.
2, 11
Let u(y) = -10*y**3 - 21*y**2 - 62*y - 128. List the prime factors of u(-13).
71, 269
Let n = -13 - 14. Let o = 37 + n. Suppose 0 = -r + o + 119. What are the prime factors of r?
3, 43
Let v = 163 + -186. List the prime factors of 5 + -4 + 3 - v*34.
2, 3, 131
Let i(j) = -j**3 - 8*j**2 + 11*j - 12. Let x be i(-9). Let w = x + 29. What are the prime factors of (w - (-24)/(-3))*-1?
3
What are the prime factors of (-48426)/8*(-4912)/1842?
2, 7, 1153
Let z = -35850 + 61658. What are the prime factors of z?
2, 1613
Let j(x) = -27*x - 13*x**2 - 29 + 28*x**2 - 6*x**2. What are the prime factors of j(-7)?
601
Let q be (0/6)/6 + 0. Suppose q = -3*t - g + 1152, 4*t - 1615 + 79 = 3*g. What are the prime factors of t?
2, 3
Suppose 0 = -5*q, 3*p + 35*q - 39*q = 10020. List the prime factors of p.
2, 5, 167
Suppose 189 = 26*t - 5*t. Let m = 71 - t. What are the prime factors of m?
2, 31
Let y = 32151 + -16176. What are the prime factors of y?
3, 5, 71
Let q(i) = 3*i**2 + 30*i - 50. Let p(z) = z**2 + 10*z - 17. Let l(y) = 8*p(y) - 3*q(y). Let f be l(-11). What are the prime factors of (63/(-12))/(f/(-28))?
7
Let f(g) = 10002*g**2 - 96*g - 318. What are the prime factors of f(-3)?
2, 3, 7499
Let w = -18506 - -20087. List the prime factors of w.
3, 17, 31
Suppose -18*o - 82524 = -41*o. Let b = 11 + -3. Suppose b*f - o = -5*f. List the prime factor